posite?
False
Is 2838439 a prime number?
False
Is 2778059 prime?
False
Is 250926019 a composite number?
False
Is 3661811 a composite number?
True
Is 11924111 a composite number?
False
Is 10384183 a composite number?
True
Is 2084501 prime?
True
Is 10014341 a composite number?
False
Is 353173 a composite number?
False
Is 1468079 a composite number?
False
Is 16773583 composite?
False
Is 14468579 composite?
False
Is 4211123 a composite number?
True
Is 20284609 composite?
True
Is 4798729 a composite number?
True
Is 31760479 a prime number?
False
Is 14255651 prime?
True
Is 263392409 a prime number?
False
Is 786789205 a composite number?
True
Is 7741541 composite?
False
Is 5591819 a prime number?
True
Is 4321333 a prime number?
False
Is 1312447 composite?
True
Is 1455877 a prime number?
False
Is 8647661 a prime number?
False
Is 13569683 a composite number?
False
Is 76717 a prime number?
True
Is 17796487 a prime number?
True
Is 37743479 a prime number?
True
Is 4186569 composite?
True
Is 42206341 a composite number?
False
Is 421877 prime?
False
Is 424922167 a prime number?
False
Is 36156931 composite?
True
Is 17127457 prime?
False
Is 185806091 a prime number?
True
Is 30866681 a composite number?
True
Is 36054089 prime?
False
Is 256499918 prime?
False
Is 6093911 a composite number?
False
Is 345413 a composite number?
False
Is 5794869 a prime number?
False
Is 627199 composite?
True
Is 37441311 a composite number?
True
Is 630038947 a prime number?
False
Is 6967819 composite?
False
Is 1038991391 prime?
True
Is 4171555 a prime number?
False
Is 4418389 composite?
False
Is 348655661 a prime number?
False
Is 4624987 a prime number?
True
Is 25365677 a prime number?
True
Is 13050722 prime?
False
Is 59856931 prime?
True
Is 159771407 a prime number?
True
Is 227182 prime?
False
Is 4594715 a prime number?
False
Is 3361999 composite?
True
Is 139970647 a prime number?
True
Is 25139581 a composite number?
True
Is 17713061 prime?
True
Is 9628937 composite?
True
Is 448265 a composite number?
True
Is 321394079 prime?
True
Is 4943987 a composite number?
True
Is 14391869 composite?
True
Is 14238443 composite?
False
Is 819529 a prime number?
False
Is 1632343 composite?
True
Is 6281543 prime?
False
Is 2507671 prime?
True
Is 35788709 prime?
False
Is 738817 a prime number?
False
Is 1594721 prime?
True
Is 1018911 prime?
False
Is 3838529 a composite number?
False
Is 10064009 a prime number?
True
Is 21680963 a composite number?
True
Is 4502879 prime?
True
Is 166213 composite?
True
Is 40512727 composite?
False
Is 43446853 a composite number?
False
Is 3337679 a prime number?
False
Is 134303683 prime?
False
Is 354006193 a prime number?
False
Is 7403971 prime?
True
Is 29716847 prime?
True
Is 107030137 a composite number?
False
Is 1702573 a prime number?
True
Is 46741321 a prime number?
False
Is 12447667 prime?
True
Is 32211319 composite?
True
Is 8675531 prime?
False
Is 2114557 a prime number?
False
Is 3755117 a prime number?
True
Is 30106133 a prime number?
False
Is 22462745 prime?
False
Is 1402019 a composite number?
False
Is 91441241 a composite number?
False
Is 66048053 a prime number?
True
Is 61361609 prime?
True
Is 1612111 composite?
False
Is 4617547 a composite number?
True
Is 49598413 composite?
False
Is 187273 composite?
False
Is 39437921 prime?
False
Is 52229245 a prime number?
False
Is 888247 a prime number?
True
Is 13340407 prime?
True
Is 13573927 composite?
True
Is 4709333 a composite number?
False
Is 168740989 composite?
True
Is 37764427 composite?
False
Is 50537 composite?
True
Is 25147841 composite?
False
Is 473773999 prime?
True
Is 36342389 composite?
False
Is 84501211 prime?
True
Is 259233607 a composite number?
True
Is 35099903 prime?
False
Is 2581438 a composite number?
True
Is 368683727 a prime number?
False
Is 14158867 a prime number?
True
Is 16796011 a prime number?
True
Is 3111373 prime?
False
Is 350320487 a composite number?
True
Is 441413 a composite number?
True
Is 515023021 composite?
True
Is 15989837 a composite number?
True
Is 447998 a composite number?
True
Is 78956173 prime?
True
Is 9088459 a composite number?
True
Is 52330189 a prime number?
True
Is 10248857 composite?
True
Is 71138443 a composite number?
False
Is 9512929 a composite number?
False
Is 170771 a prime number?
False
Is 1262501 composite?
True
Is 34287139 a composite number?
True
Is 798443 a prime number?
True
Is 18939083 prime?
True
Is 2519798333 composite?
True
Is 201069094 prime?
False
Is 91597679 a composite number?
True
Is 414283 a prime number?
True
Is 6347063 prime?
False
Is 5373331 prime?
True
Is 75930649 a prime number?
True
Is 15376447 composite?
True
Is 17425783 prime?
False
Is 3029279 a composite number?
True
Is 69368179 a prime number?
True
Is 2849921 a prime number?
False
Is 75718205 a composite number?
True
Is 51726671 composite?
False
Is 1899757 a prime number?
True
Is 2390061 a composite number?
True
Is 15323879 a prime number?
True
Is 164525171 prime?
False
Is 166075109 composite?
True
Is 15427871 a prime number?
False
Is 259370447 prime?
False
Is 58953767 composite?
False
Is 10899361 a composite number?
True
Is 196082873 a prime number?
False
Is 2528087 a composite number?
True
Is 236873401 composite?
False
Is 36588899 prime?
True
Is 122023 prime?
False
Is 151683421 prime?
True
Is 28342573 prime?
False
Is 3989257 composite?
True
Is 7313669 prime?
False
Is 5137295 composite?
True
Is 223540741 composite?
False
Is 143469637 a prime number?
False
Is 1040597 a prime number?
True
Is 15638893 prime?
True
Is 20734919 a prime number?
True
Is 2773201 a prime number?
True
Is 302001571 composite?
False
Is 14206673 a prime number?
False
Is 1923653 prime?
True
Is 19747297 a prime number?
True
Is 7324334 a prime number?
False
Is 4804823 prime?
True
Is 21227147 composite?
True
Is 363547 composite?
True
Is 9390749 prime?
False
Is 3413539 a prime number?
True
Is 12837469 prime?
False
Is 1734553223 composite?
True
Is 807206 a composite number?
True
Is 133149466 prime?
False
Is 168482845 composite?
True
Is 17552189 composite?
False
Is 4414621 prime?
True
Is 55445861 composite?
False
Is 81454435 composite?
True
Is 4032151 composite?
False
Is 65994529 prime?
True
Is 3332267 a prime number?
True
Is 70150177 composite?
True
Is 5911811 a composite number?
False
Is 15853973 prime?
False
Is 3528743 composite?
False
Is 1726237 a prime number?
True
Is 8757361 prime?
False
Is 64157999 prime?
True
Is 29247077 composite?
True
Is 60435259 a composite number?
False
Is 262077631 composite?
False
Is 137878661 a prime number?
True
Is 57467857 a composite number?
True
Is 263533 composite?
False
Is 61888759 a prime number?
True
Is 3621193 prime?
False
Is 170229679 a prime number?
True
Is 11279883 a composite number?
True
Is 41078363 prime?
True
Is 52866571 a composite number?
False
Is 17551853 a prime number?
False
Is 203790467 composite?
True
Is 27065039 a prime number?
True
Is 17105171 a composite number?
True
Is 5899 a prime number?
False
Is 15826163 a composite number?
True
Is 105768811 composite?
False
Is 209814307 composite?
False
Is 11250643 composite?
False
Is 10250347 composite?
False
Is 2064479 a prime number?
False
Is 47576027 a prime number?
False
Is 2104829 composite?
True
Is 72322099 a prime number?
True
Is 21701 a composite number?
False
Is 96952727 a prime number?
False
Is 1102199 prime?
False
Is 4435327 a composite number?
True
Is 67992479 composite?
False
Is 1181851 prime?
False
Is 113327 composite?
False
Is 1128017 composite?
True
Is 8668115 prime?
False
Is 58004827 composite?
True
Is 758394269 prime?
False
Is 16946054 composite?
True
Is 1138258111 prime?
True
Is 5257589 prime?
False
Is 6944851 a composite number?
False
Is 47558639 a composite number?
True
Is 84373511 composite?
False
Is 46058539 a prime number?
False
Is 4123253 a prime number?
True
Is 424127 prime?
False
Is 171594053 prime?
False
Is 45506267 composite?
False
Is 21676295 a prime number?
False
Is 120826 composite?
True
Is 28958419 prime?
False
Is 9658631 composite?
True
Is 121485199 a prime number?
False
Is 13907951 prime?
True
Is 255212101 prime?
True
Is 9723391 composite?
False
Is 69802559 a prime number?
False
Is 1087963 prime?
True
Is 9287813 composite?
False
Is 1378883 a composite number?
True
Is 1235529011 a prime n